{"id":8382,"date":"2024-12-12T11:52:07","date_gmt":"2024-12-12T11:52:07","guid":{"rendered":"https:\/\/irmedical.es\/productos\/dispositivo-lumina-flex\/"},"modified":"2025-02-06T09:27:47","modified_gmt":"2025-02-06T09:27:47","slug":"dispositivo-lumina-flex","status":"publish","type":"product","link":"https:\/\/irmedical.es\/fr\/productos\/dispositivo-lumina-flex\/","title":{"rendered":"DISPOSITIF LUMINA FLEX"},"content":{"rendered":"<div class=\"flex-shrink-0 flex flex-col relative items-end\">\n<div class=\"pt-0\">\n<div class=\"gizmo-bot-avatar flex h-8 w-8 items-center justify-center overflow-hidden rounded-full\">\n<div class=\"relative p-1 rounded-sm flex items-center justify-center bg-token-main-surface-primary text-token-text-primary h-8 w-8\">\n<p>Lumina Felx propose trois types de lumi\u00e8re (bleue, jaune et rouge\/infrarouge) qui agissent en synergie pour r\u00e9g\u00e9n\u00e9rer la peau et am\u00e9liorer l&rsquo;introduction des principes actifs. La phototh\u00e9rapie avec ces LED apporte des solutions sans effets secondaires, stimulant la production de collag\u00e8ne et d&rsquo;\u00e9lastine tout en am\u00e9liorant la sant\u00e9 cutan\u00e9e. <\/p>\n<p>Ce traitement est id\u00e9al pour une vari\u00e9t\u00e9 d&rsquo;utilisations, de l&rsquo;am\u00e9lioration active de l&rsquo;acn\u00e9 avec la lumi\u00e8re bleue au rajeunissement du visage et du corps avec la lumi\u00e8re jaune et rouge\/infrarouge. Sa conception confortable et r\u00e9glable et sans lunettes de protection rend l&rsquo;appareil pratique pour les soins du visage et du corps. <\/p>\n<\/div>\n<\/div>\n<\/div>\n<\/div>\n","protected":false},"excerpt":{"rendered":"<p>Lumina Felx propose trois types de lumi\u00e8re (bleue, jaune et rouge\/infrarouge) qui agissent en synergie pour r\u00e9g\u00e9n\u00e9rer la peau et am\u00e9liorer l&rsquo;introduction des principes actifs. La phototh\u00e9rapie avec ces LED apporte des solutions sans effets secondaires, stimulant la production de collag\u00e8ne et d&rsquo;\u00e9lastine tout en am\u00e9liorant la sant\u00e9 cutan\u00e9e. Ce traitement est id\u00e9al pour une [&hellip;]<\/p>\n","protected":false},"featured_media":8256,"comment_status":"closed","ping_status":"closed","template":"","meta":{"_acf_changed":false},"product_brand":[],"product_cat":[457,405,458],"product_tag":[459,354,460,461,436,462],"class_list":{"0":"post-8382","1":"product","2":"type-product","3":"status-publish","4":"has-post-thumbnail","6":"product_cat-dispositivos-fr","7":"product_cat-vial-esteril-fr","8":"product_cat-micropuncion-fr","9":"product_tag-derma-ir-fr","10":"product_tag-dermapen-fr","11":"product_tag-facial-fr","12":"product_tag-micropuncion-fr","13":"product_tag-corporal-fr","14":"product_tag-tratamientos-fr","16":"first","17":"instock","18":"taxable","19":"shipping-taxable","20":"purchasable","21":"product-type-simple"},"acf":[],"_links":{"self":[{"href":"https:\/\/irmedical.es\/fr\/wp-json\/wp\/v2\/product\/8382","targetHints":{"allow":["GET"]}}],"collection":[{"href":"https:\/\/irmedical.es\/fr\/wp-json\/wp\/v2\/product"}],"about":[{"href":"https:\/\/irmedical.es\/fr\/wp-json\/wp\/v2\/types\/product"}],"replies":[{"embeddable":true,"href":"https:\/\/irmedical.es\/fr\/wp-json\/wp\/v2\/comments?post=8382"}],"wp:featuredmedia":[{"embeddable":true,"href":"https:\/\/irmedical.es\/fr\/wp-json\/wp\/v2\/media\/8256"}],"wp:attachment":[{"href":"https:\/\/irmedical.es\/fr\/wp-json\/wp\/v2\/media?parent=8382"}],"wp:term":[{"taxonomy":"product_brand","embeddable":true,"href":"https:\/\/irmedical.es\/fr\/wp-json\/wp\/v2\/product_brand?post=8382"},{"taxonomy":"product_cat","embeddable":true,"href":"https:\/\/irmedical.es\/fr\/wp-json\/wp\/v2\/product_cat?post=8382"},{"taxonomy":"product_tag","embeddable":true,"href":"https:\/\/irmedical.es\/fr\/wp-json\/wp\/v2\/product_tag?post=8382"}],"curies":[{"name":"wp","href":"https:\/\/api.w.org\/{rel}","templated":true}]}}

<div class="flex-shrink-0 flex flex-col relative items-end">
<div class="pt-0">
<div class="gizmo-bot-avatar flex h-8 w-8 items-center justify-center overflow-hidden rounded-full">
<div class="relative p-1 rounded-sm flex items-center justify-center bg-token-main-surface-primary text-token-text-primary h-8 w-8">
<p>Lumina Felx propose trois types de lumière (bleue, jaune et rouge/infrarouge) qui agissent en synergie pour régénérer la peau et améliorer l&rsquo;introduction des principes actifs. La photothérapie avec ces LED apporte des solutions sans effets secondaires, stimulant la production de collagène et d&rsquo;élastine tout en améliorant la santé cutanée. </p>
<p>Ce traitement est idéal pour une variété d&rsquo;utilisations, de l&rsquo;amélioration active de l&rsquo;acné avec la lumière bleue au rajeunissement du visage et du corps avec la lumière jaune et rouge/infrarouge. Sa conception confortable et réglable et sans lunettes de protection rend l&rsquo;appareil pratique pour les soins du visage et du corps. </p>
</div>
</div>
</div>
</div>

<p>Lumina Felx propose trois types de lumière (bleue, jaune et rouge/infrarouge) qui agissent en synergie pour régénérer la peau et améliorer l&rsquo;introduction des principes actifs. La photothérapie avec ces LED apporte des solutions sans effets secondaires, stimulant la production de collagène et d&rsquo;élastine tout en améliorant la santé cutanée. Ce traitement est idéal pour une [&hellip;]</p>
